. Let r(v) = 4*v. Calculate r(i).
-4
Let c(t) = t**3 + t. Let w(d) = 5*d**3 - 6*d**2 + 3*d + 2. Let b(v) = 6*c(v) - w(v). What is b(-5)?
8
Let t(n) = -7*n**2 + 5*n - 4. Let s(c) = c**2 + 1. Let z(g) = 5*s(g) + t(g). Determine z(4).
-11
Let x be (-2)/8 - 21/(-4). Let l be (5 - 3)*(-1)/(-2). Let y(g) = g**3 + x - l + 0*g**3 + 3*g**2. Calculate y(-3).
4
Let x(v) be the third derivative of 0*v + 0 + 1/60*v**5 + 6*v**2 - 1/6*v**3 + 1/12*v**4. Determine x(1).
2
Let i(d) be the second derivative of -d**5/20 + d**4/4 + d**3/2 - d**2 - 2*d. Let s = -71 - -74. Give i(s).
7
Suppose 4*g = -a - 0 + 6, 4*a - g + 61 = 0. Let u = 9 + a. Let q(z) = -z**2 - 7*z - 7. Calculate q(u).
3
Let m(r) = -1. Let b(q) = q - 5. Let j(t) = b(t) - 5*m(t). What is j(4)?
4
Let n(z) be the first derivative of -3*z**2/2 - 4*z + 6. What is n(-3)?
5
Let n(b) = -b**3 + 7*b**2 + 6*b + 9. Let y be n(8). Let r(s) = 2*s + 6. Calculate r(y).
-8
Let m(u) = u**3 - 3*u**2 - 3*u + 2. Let b = 2 - -2. Suppose -5*j + b*j = -4. Give m(j).
6
Let g(n) be the first derivative of n**5/12 + n**4/24 + 4*n**3/3 - 1. Let h(u) be the third derivative of g(u). Determine h(-1).
-9
Let s(p) = p**2 - p + 1. Let n = 9 + -13. Let x(w) = 5*w**2 - 3*w + 1. Let u(c) = n*s(c) + x(c). Calculate u(-3).
3
Let f(a) = -a - 7. Let x = -104 + 98. Give f(x).
-1
Let v(y) = -3*y - 3. Let f be v(-6). Suppose 6*m - m = -f. Let g(n) = 4*n + 7. Let a(d) = 11*d + 20. Let s(u) = -3*a(u) + 8*g(u). What is s(m)?
-1
Let c(w) = 1 + 0*w + 5*w**2 + 0*w + 2*w. Let j be c(-1). Let h(l) = -j*l**2 + 4*l**2 + 3 + l**2 + 5*l. What is h(-4)?
-1
Let u(c) be the second derivative of c**4/12 - 7*c**3/6 - 9*c**2/2 + 30*c. Determine u(8).
-1
Suppose 0 = m - 3 - 1. Suppose -2*v = -8 + m. Suppose 0 = -0*j + 2*j - v. Let f(r) = 4*r**3 - 2*r**2 + 1. Determine f(j).
3
Let o(t) = -2*t**3 + 3*t**2 - 2*t - 2. Let y be ((-3)/2)/((-9)/12). Calculate o(y).
-10
Let f(c) = -3*c + 2*c**2 + 2 - 8*c - c + 8*c. Let m = 4 - 0. Suppose -3*h = 2*w - h - m, 5*w - 10 = 3*h. Calculate f(w).
2
Let n(a) be the first derivative of -a**3/3 + a**2/2 + 3*a - 1. Let d be (-8)/(-10)*1*(18 + -13). Give n(d).
-9
Suppose 0 = 2*t + 42 - 44. Let l(b) = b**2 + b + 5*b**3 + 4*b**3 - 3*b**2. Calculate l(t).
8
Let j(b) = b**3 + 15*b**2 - 17*b - 19. Let l be j(-16). Suppose 0 = -5*v + 2*v - 3. Let c = v - l. Let f(i) = i**3 - i**2 - i + 2. Determine f(c).
4
Let z = 26 + -18. Suppose 3*q - 9 = -5*y, -2*q - 2*y = 2 - z. Let o(d) = 2*d**3 + 5 + 5*d**2 + 4*d - 4*d**3 + q*d**3. What is o(-4)?
5
Let c(y) = -y**2 - 5*y - 1. Suppose 0 = 2*w - 6 - 2. Suppose -w*s - 24 = -0*s. Determine c(s).
-7
Let t be (3/6)/(1/(-10)). Let j(o) = 3*o - 8. Let g(b) be the second derivative of b**3/3 - 7*b**2/2 + 2*b. Let r(m) = 4*g(m) - 3*j(m). Give r(t).
1
Let o(q) be the second derivative of -q**5/20 + q**4/4 + q**2 + 20*q. Suppose 0 = -5*b + 18 + 37. Let j be b/3 + 4/(-6). Determine o(j).
2
Let t(a) = 10*a - 3. Let s(u) = -3*u + 1. Let j = -15 + 8. Let m be (-300)/70 - 2/j. Let o(b) = m*t(b) - 14*s(b). Calculate o(-2).
-6
Let u(p) = -p**3 + 7*p**2 - 4*p - 7. Suppose 2*o = -6*o + 48. Determine u(o).
5
Let k = 50 + -47. Let i(h) = -h**3 + 5*h**2 - 4*h + 1. Determine i(k).
7
Let c(m) = -m + 1. Let w be c(-1). Suppose w*s - 4*f = 26, -3*s - f + 19 = -3*f. Let d(t) = -t**s - 3 + 2 - 3*t**3. Determine d(1).
-5
Let p(o) = -5*o - 7. Let h(k) = 3*k + 4. Let i(x) = -7*h(x) - 4*p(x). Let j = -215 - -213. What is i(j)?
2
Let v(i) be the second derivative of 1/6*i**3 + 4*i + 2*i**2 + 0. Suppose -6 = k - 3. What is v(k)?
1
Let q(p) = -p**2 - 5*p - 5. Let b = -11 - -2. Let l = b + 4. Give q(l).
-5
Let y(a) be the third derivative of 1/60*a**5 + 0*a**3 + 1/24*a**4 - 1/60*a**6 - 2*a**2 + 0*a + 0. What is y(-1)?
2
Suppose 7*l + 55 = 27. Let a(k) = k**2 + k - 1. Determine a(l).
11
Let q(m) be the second derivative of m**5/60 - m**4/8 + m**3/3 - m**2/2 + m. Let u(k) be the first derivative of q(k). Suppose -b - 2 = -5. Determine u(b).
2
Let g = 7 - 10. Let q(o) = -5*o**2 + 3*o - 9. Let p(m) = -3*m**2 + m - 5. Let a(t) = 7*p(t) - 4*q(t). Calculate a(g).
7
Let j(f) be the second derivative of -f**5/30 - f**4/24 - f**2/2 + 4*f. Let t(z) be the first derivative of j(z). Give t(2).
-10
Let t(i) = -i - 12. Let l be t(-14). Let q(h) = h**3 - h**2 - h + 2. Give q(l).
4
Suppose -3*n + 37 = 2*m + 13, -4*m + 3*n + 12 = 0. Let v be 35/m - 1/(-6). Let u(t) = -t**2 + 6*t - 3. Give u(v).
-3
Let a(b) = 5*b + b**2 - 1 + 1 - 1. Determine a(-3).
-7
Let c(r) = -r - 3. Suppose -4*n + 25 = -3*b - 0*b, -4*n + 19 = -b. Determine c(n).
-7
Suppose 14 + 16 = -6*i. Let h(w) = w**2 + 3*w - 5. Determine h(i).
5
Suppose 0 = -5*d - 0*z + 4*z + 43, -6 = -2*z. Let v(w) = 6 - 6 - d*w. Determine v(-1).
11
Suppose 0 = k - 3 + 5. Let a(z) = -7*z**2 - 2*z. Determine a(k).
-24
Let a(u) = -5*u + 3. Suppose 3*o + 22 = f - 2*o, 4*f + 32 = -4*o. Calculate a(f).
18
Let t(a) = 5*a + 97. Let x be t(-18). Let m(p) = -p**2 + 9*p + 6. Determine m(x).
20
Let x(n) = -6*n**2 + n - 1. Let u(a) = -7*a**2 + a - 2. Let q(t) = 5*u(t) - 6*x(t). Calculate q(4).
8
Let x(v) = v**2 - 5*v. Suppose -6*k + 4 = -5*k. Calculate x(k).
-4
Let v(l) = 0*l**2 + 5*l**2 - 2*l**2 - 5*l**2. What is v(-2)?
-8
Let n(d) be the first derivative of d**4/4 + 5*d**3/3 - 3*d**2 - 3*d + 27. Calculate n(-6).
-3
Suppose 2*m - m + 4 = 0. Let g = -3 - m. Let s(x) = -1. Let y(i) = 7*i - 3. Let j(t) = -2*s(t) + y(t). Determine j(g).
6
Let b(n) be the second derivative of -1/12*n**4 + 0 - 2*n**2 - 2/3*n**3 + 2*n. Calculate b(-4).
-4
Let i(o) = 2*o + 2. Let p(m) = -3*m - 5. Let v(a) = 5*i(a) + 3*p(a). Suppose 4*x - 2*x = 10. What is v(x)?
0
Let b = 14 + -10. Let c(v) = -5 - 4 + v + 5. Calculate c(b).
0
Let c(b) = b - 4. Suppose 0*p - 3*p = 0. What is c(p)?
-4
Let t(r) be the first derivative of -4*r + 1 - 1/2*r**2. Let f(v) = v**2 - 6*v - 4. Let i be f(6). Determine t(i).
0
Let t(m) be the third derivative of m**5/60 + 7*m**3/3 + 9*m**2. What is t(0)?
14
Let q(x) = -3*x + 3. Let n be (2 - (3 + -1))/2. Let o be (-3)/((-3)/3 + n). Calculate q(o).
-6
Let i(c) = -3*c + 1. Suppose -4*u = -u + 21. Let a = -4 - u. Suppose a*x = 4*l + 6*x + 1, -4 = 5*l + x. Calculate i(l).
4
Let u(v) = 8*v + 1. Let g be 10/(-125)*-10*10/4. Calculate u(g).
17
Let v(d) = -d**3 + 2*d**2 + 4. Suppose 3 = y - 0. Let g be v(y). Let w be (2 - 2) + g - -1. Let k(b) = -b**2 - 4*b + 4. Give k(w).
4
Let j(m) = 2*m**3 + 2*m**2 + m + 2. Let w = 36 - 19. Let r = 15 - w. Give j(r).
-8
Let n(p) be the first derivative of -p**3/3 - p**2/2 - 3*p + 8. Give n(-4).
-15
Let x(p) be the third derivative of -5*p**4/12 - 9*p**2. Give x(-1).
10
Let x(k) = 3*k**2 + 6. Let y(p) = p**2 + 2. Let l(b) = -2*x(b) + 7*y(b). Calculate l(3).
11
Let s(n) = -6*n**3 - 4*n**2 - 10*n + 2. Let o(l) = l**3 + l. Let j(d) = 8*o(d) + s(d). Give j(3).
14
Let p(h) = -3*h + 3. Let l(n) = -3*n - 18. Let w be l(-5). Calculate p(w).
12
Let w(n) = 0*n**3 + 2*n - 2*n + 1 + n**3. Let u = 11 - 12. Calculate w(u).
0
Suppose i = 4*r + 16, 7 = -2*r - 3*i - 1. Let k(c) be the third derivative of -c**5/60 - 5*c**4/24 - c**3 - 13*c**2. Calculate k(r).
-2
Suppose -3*s + 0*s - 1 = 5*j, -4*s - 5*j + 2 = 0. Suppose h - 4 = -s. Let n(r) = 2*r - 1. Give n(h).
1
Let k(d) = d**2 - d + 1. Let x(s) = 8*s**2 - 3*s + 2. Let z(i) = -3*k(i) + x(i). Let j = 4 - 2. Suppose -2*g - y = -4, -5*g - y = -j*g - 5. What is z(g)?
4
Let h(t) = -t**2 - 7*t - 4. Let i be h(-6). Let n(f) = -f**2 + 6*f - 3. Let o be n(5). Let d(w) = -i*w + 0*w**o - 3*w - 2*w**2 - 2. What is d(-3)?
-5
Let w(l) = 2*l - 23. Let r(y) be the third derivative of y**4/24 - 4*y**3/3 + 7*y**2. Let m(s) = 8*r(s) - 3*w(s). Calculate m(4).
13
Let t be 0*((-5)/2 + 3). Let m(k) = -k + 7. Determine m(t).
7
Let d(x) = x + 1. Let o(v) = v**2 + 2*v + 4. Let l(n) = 4*d(n) - o(n). What is l(2)?
0
Let i(k) = 0*k + 2*k + 0*k. Let o be (1 + 14/(-8))/(12/(-32)). Give i(o).
4
Let b(f) = -12*f**3 + 7*f**2 - 3. Let v(p) = 8*p**3 - 5*p**2 + 2. Let q(a) = -5*b(a) - 7*v(a). Calculate q(-1).
-3
Let a(f) be the third derivative of f**5/60 + f**4/12 - f**3/6 - f**2. Let s be 6*5/165 + (-46)/11. Give a(s).
7
Let h(m) be the third derivative of -m**7/2520 - m**6/360 + m**4/24 - m**2. Let v(a) be the second derivative of h(a). Determine v(-3).
-3
Let n(v) be the first derivative of